e prime factors of 906351223?
37, 24495979
List the prime factors of 14086497.
3, 4695499
List the prime factors of 183594279.
3, 11, 53, 104971
List the prime factors of 63401442.
2, 3, 13, 19, 179, 239
What are the prime factors of 955856840?
2, 5, 67, 356663
List the prime factors of 100837798.
2, 50418899
What are the prime factors of 63937033?
19, 23, 146309
List the prime factors of 40946394.
2, 3, 23, 296713
List the prime factors of 85046228.
2, 163, 130439
What are the prime factors of 271016693?
269, 1007497
What are the prime factors of 45348717?
3, 37, 199, 2053
What are the prime factors of 2791344815?
5, 7, 19, 4197511
List the prime factors of 634437276.
2, 3, 11, 569, 8447
List the prime factors of 701696135.
5, 7, 47, 426563
What are the prime factors of 198507943?
347, 572069
List the prime factors of 2146090200.
2, 3, 5, 17, 210401
List the prime factors of 2542827724.
2, 635706931
List the prime factors of 199875676.
2, 7, 11, 13, 49919
List the prime factors of 2802427696.
2, 17, 10303043
List the prime factors of 259542317.
259542317
What are the prime factors of 39209715?
3, 5, 101, 8627
What are the prime factors of 116316906?
2, 3, 3433, 5647
List the prime factors of 32233656.
2, 3, 7, 13, 14759
What are the prime factors of 93482635?
5, 137, 136471
List the prime factors of 1419247644.
2, 3, 118270637
What are the prime factors of 99108249?
3, 17, 43, 1051
List the prime factors of 124815524.
2, 719, 43399
List the prime factors of 4402765378.
2, 11, 59, 83, 40867
What are the prime factors of 703608663?
3, 23, 313, 32579
List the prime factors of 524384338.
2, 2011, 130379
What are the prime factors of 25720430?
2, 5, 2572043
List the prime factors of 539463009.
3, 433, 601, 691
What are the prime factors of 43768645?
5, 127, 68927
What are the prime factors of 1551357483?
3, 13, 43, 925079
List the prime factors of 29986987.
47, 83, 7687
What are the prime factors of 172618309?
172618309
List the prime factors of 73745411.
73745411
What are the prime factors of 2436313565?
5, 7, 43, 33037
List the prime factors of 362462188.
2, 11, 8237777
What are the prime factors of 135475248?
2, 3, 113, 24977
List the prime factors of 102307248.
2, 3, 19, 61, 613
List the prime factors of 2011008829.
17, 118294637
List the prime factors of 333254674.
2, 359, 464143
What are the prime factors of 431822621?
197, 2191993
What are the prime factors of 666259662?
2, 3, 19, 5844383
List the prime factors of 3224273465.
5, 7, 17, 5418947
List the prime factors of 70520209.
61, 211, 5479
What are the prime factors of 181112179?
3533, 51263
List the prime factors of 2346596367.
3, 23, 31, 103, 10651
List the prime factors of 2109889212.
2, 3, 175824101
List the prime factors of 444500014.
2, 7, 31750001
List the prime factors of 70365649.
73, 963913
What are the prime factors of 1993527743?
53, 37613731
List the prime factors of 88340386.
2, 19, 37, 83, 757
What are the prime factors of 235079699?
257, 641, 1427
What are the prime factors of 2534515496?
2, 257, 389, 3169
What are the prime factors of 3755860149?
3, 31, 40385593
What are the prime factors of 204735425?
5, 2053, 3989
What are the prime factors of 468856620?
2, 3, 5, 67, 12959
List the prime factors of 552664805.
5, 7, 11, 1435493
What are the prime factors of 55975252?
2, 131, 106823
What are the prime factors of 242259105?
3, 5, 11, 101, 14537
What are the prime factors of 77540955?
3, 5, 5169397
List the prime factors of 52445669.
97, 540677
List the prime factors of 313189840.
2, 5, 3914873
List the prime factors of 556017472.
2, 71, 122363
List the prime factors of 143071908.
2, 3, 7, 1703237
List the prime factors of 5454276085.
5, 2377, 458921
List the prime factors of 347489871.
3, 431, 268747
What are the prime factors of 104605983?
3, 11622887
List the prime factors of 153320468.
2, 7, 59, 92809
List the prime factors of 3381046703.
139, 1193, 20389
List the prime factors of 1068098161.
13, 157, 677, 773
List the prime factors of 208051454.
2, 13, 1997, 4007
List the prime factors of 81757786.
2, 11, 29, 128147
What are the prime factors of 202402473?
3, 7, 13, 741401
List the prime factors of 1899122873.
1899122873
What are the prime factors of 2012692702?
2, 53, 241, 78787
What are the prime factors of 7230129?
3, 2410043
What are the prime factors of 66761016?
2, 3, 7, 29, 71, 193
List the prime factors of 46887866.
2, 103, 227611
What are the prime factors of 259568192?
2, 13, 311981
List the prime factors of 51898854.
2, 3, 7, 181, 6827
What are the prime factors of 2808648523?
17, 9718507
What are the prime factors of 62535886?
2, 7, 631, 7079
What are the prime factors of 794840160?
2, 3, 5, 163, 10159
What are the prime factors of 43208438?
2, 7, 13, 237409
What are the prime factors of 2177047943?
7, 31, 47, 113, 1889
What are the prime factors of 1016749802?
2, 29, 17530169
List the prime factors of 450389206.
2, 211, 449, 2377
What are the prime factors of 675183580?
2, 5, 33759179
What are the prime factors of 93575417?
13, 7198109
What are the prime factors of 4195638679?
23, 97, 467, 4027
What are the prime factors of 43619932?
2, 337, 32359
What are the prime factors of 1969602683?
277, 353, 20143
List the prime factors of 144359603.
101, 1429303
List the prime factors of 9042308119.
13, 15061, 46183
List the prime factors of 5485465.
5, 197, 5569
What are the prime factors of 26148564?
2, 3, 13, 59, 947
List the prime factors of 808537139.
29, 27880591
What are the prime factors of 3179373016?
2, 397421627
What are the prime factors of 143935717?
143935717
What are the prime factors of 217269689?
7, 13, 2387579
What are the prime factors of 60876207?
3, 7, 983
List the prime factors of 1260485773.
167, 1609, 4691
What are the prime factors of 1870078369?
29, 3691, 17471
List the prime factors of 112011607.
7039, 15913
List the prime factors of 99799749.
3, 7, 528041
List the prime factors of 764358820.
2, 5, 1949, 19609
What are the prime factors of 4008371901?
3, 1336123967
List the prime factors of 101024392.
2, 7, 1804007
What are the prime factors of 116576815?
5, 1601, 14563
List the prime factors of 57238406.
2, 28619203
List the prime factors of 1138716212.
2, 193, 1475021
What are the prime factors of 95255706?
2, 3, 7, 13, 24923
List the prime factors of 274659771.
3, 359, 255023
List the prime factors of 147401696.
2, 13, 17, 19, 1097
What are the prime factors of 1110273171?
3, 7, 37, 1428923
What are the prime factors of 82750526?
2, 17, 61, 2347
What are the prime factors of 215885947?
29, 7444343
What are the prime factors of 204666441?
3, 7, 67, 145463
What are the prime factors of 463054679?
3049, 151871
List the prime factors of 2414383055.
5, 7, 131, 526583
List the prime factors of 108584403.
3, 23, 373, 4219
What are the prime factors of 981945242?
2, 490972621
List the prime factors of 4388169668.
2, 271, 1889, 2143
List the prime factors of 1184379410.
2, 5, 1399, 84659
What are the prime factors of 76365984?
2, 3, 795479
What are the prime factors of 3050740495?
5, 11, 271, 204679
List the prime factors of 183992386.
2, 91996193
What are the prime factors of 1540272582?
2, 3, 19, 1481, 3041
List the prime factors of 5240479554.
2, 3, 291137753
What are the prime factors of 43125412?
2, 11, 167, 5869
What are the prime factors of 112513071?
3, 11, 487, 7001
List the prime factors of 401172434.
2, 13, 103, 149803
List the prime factors of 2240423561.
229, 9783509
List the prime factors of 36151577.
7, 11, 469501
What are the prime factors of 5288247?
3, 65287
What are the prime factors of 25394926?
2, 12697463
List the prime factors of 11023891.
37, 401, 743
List the prime factors of 3854132620.
2, 5, 13, 14823587
List the prime factors of 19774657.
7, 719, 3929
List the prime factors of 901562384.
2, 56347649
What are the prime factors of 439396606?
2, 11, 53, 376841
What are the prime factors of 1194068?
2, 23, 12979
What are the prime factors of 328177917?
3, 36464213
What are the prime factors of 296770466?
2, 1063, 139591
List the prime factors of 2256919.
7, 322417
What are the prime factors of 104939900?
2, 5, 13, 89, 907
List the prime factors of 297390917.
41, 139, 52183
List the prime factors of 81807636.
2, 3, 